{"id":2967,"date":"2025-10-16T06:24:45","date_gmt":"2025-10-16T06:24:45","guid":{"rendered":"https:\/\/platinum.bcardmexico.com\/?post_type=product&#038;p=2967"},"modified":"2025-10-16T06:24:46","modified_gmt":"2025-10-16T06:24:46","slug":"collar-de-hilo-pendulo-cuarzo-rosa","status":"publish","type":"product","link":"https:\/\/platinum.bcardmexico.com\/?product=collar-de-hilo-pendulo-cuarzo-rosa","title":{"rendered":"COLLAR DE HILO PENDULO CUARZO ROSA"},"content":{"rendered":"<p><span data-huuid=\"6540839786688746555\">El cuarzo rosa tiene propiedades emocionales y energ\u00e9ticas, como la calma, el amor propio y la armon\u00eda, adem\u00e1s de propiedades f\u00edsicas como una dureza de 7 en la escala de Mohs y una composici\u00f3n de di\u00f3xido de silicio <span class=\"M5tQyf\">(<\/span><\/span><\/p>\n<div class=\"CM8kHf j86kh\" data-hveid=\"CDMQAQ\">\n<div data-expression=\"SiO_2\">\n<div data-xpm-copy-root=\"\"><img decoding=\"async\" role=\"presentation\" src=\"image\/gif;base64,R0lGODlhAQABAIAAAP\/\/\/wAAACH5BAEAAAAALAAAAAABAAEAAAICRAEAOw==\" aria-hidden=\"true\" data-xpm-latex=\"SiO_{2}\" data-csiid=\"Ro_waP_TGMK0qtsPp4mWgQ8_9\" data-atf=\"1\" \/><\/p>\n<div>SiO2cap S i cap O sub\u00edndice 2<\/div>\n<p>\ud835\udc46\ud835\udc56\ud835\udc422<\/p><\/div>\n<\/div>\n<\/div>\n<p><span data-huuid=\"6540839786688746555\"><span class=\"M5tQyf\">)<\/span>. <\/span><span data-huuid=\"6540839786688746304\">Se considera la \u00abpiedra del coraz\u00f3n\u00bb, \u00fatil para sanar heridas emocionales y para promover relaciones amorosas y de amistad<\/span><\/p>\n","protected":false},"excerpt":{"rendered":"<p>PENDULO NATURAL DE CUARZO ROSA\u00a0 CON HILO<\/p>\n<p>HILO AJUSTABLE PARA HOMBRE Y MUJER<\/p>\n<p>IDEAL PARA REGALO Y PROTECCION<\/p>\n","protected":false},"featured_media":2968,"comment_status":"open","ping_status":"closed","template":"","meta":[],"etheme_brands":[],"product_brand":[143],"product_cat":[139],"product_tag":[],"class_list":{"0":"post-2967","1":"product","2":"type-product","3":"status-publish","4":"has-post-thumbnail","6":"product_brand-collares","7":"product_cat-collares","9":"first","10":"instock","11":"shipping-taxable","12":"purchasable","13":"product-type-simple"},"yoast_head":"<!-- This site is optimized with the Yoast SEO Premium plugin v23.4 (Yoast SEO v23.4) - https:\/\/yoast.com\/wordpress\/plugins\/seo\/ -->\n<title>COLLAR DE HILO PENDULO CUARZO ROSA - PLATINUM BISUTER\u00cdA FINA<\/title>\n<meta name=\"description\" content=\"El cuarzo rosa tiene propiedades emocionales y energ\u00e9ticas, como la calma, el amor propio y la armon\u00eda, adem\u00e1s de propiedades f\u00edsicas como una dureza de 7 en la escala de Mohs y una composici\u00f3n de di\u00f3xido de silicio ((SiO_{2})). Se considera la &quot;piedra del coraz\u00f3n&quot;, \u00fatil para sanar heridas emocionales y para promover relaciones amorosas y de amistad\" \/>\n<meta name=\"robots\" content=\"index, follow, max-snippet:-1, max-image-preview:large, max-video-preview:-1\" \/>\n<link rel=\"canonical\" href=\"https:\/\/platinum.bcardmexico.com\/?product=collar-de-hilo-pendulo-cuarzo-rosa\" \/>\n<meta property=\"og:locale\" content=\"es_ES\" \/>\n<meta property=\"og:type\" content=\"article\" \/>\n<meta property=\"og:title\" content=\"COLLAR DE HILO PENDULO CUARZO ROSA\" \/>\n<meta property=\"og:description\" content=\"El cuarzo rosa tiene propiedades emocionales y energ\u00e9ticas, como la calma, el amor propio y la armon\u00eda, adem\u00e1s de propiedades f\u00edsicas como una dureza de 7 en la escala de Mohs y una composici\u00f3n de di\u00f3xido de silicio ((SiO_{2})). Se considera la &quot;piedra del coraz\u00f3n&quot;, \u00fatil para sanar heridas emocionales y para promover relaciones amorosas y de amistad\" \/>\n<meta property=\"og:url\" content=\"https:\/\/platinum.bcardmexico.com\/?product=collar-de-hilo-pendulo-cuarzo-rosa\" \/>\n<meta property=\"og:site_name\" content=\"PLATINUM BISUTER\u00cdA FINA\" \/>\n<meta property=\"article:modified_time\" content=\"2025-10-16T06:24:46+00:00\" \/>\n<meta property=\"og:image\" content=\"https:\/\/platinum.bcardmexico.com\/wp-content\/uploads\/2025\/10\/ROSA-CUARZO-.jpg\" \/>\n\t<meta property=\"og:image:width\" content=\"960\" \/>\n\t<meta property=\"og:image:height\" content=\"1280\" \/>\n\t<meta property=\"og:image:type\" content=\"image\/jpeg\" \/>\n<meta name=\"twitter:card\" content=\"summary_large_image\" \/>\n<meta name=\"twitter:label1\" content=\"Tiempo de lectura\" \/>\n\t<meta name=\"twitter:data1\" content=\"1 minuto\" \/>\n<script type=\"application\/ld+json\" class=\"yoast-schema-graph\">{\"@context\":\"https:\/\/schema.org\",\"@graph\":[{\"@type\":\"WebPage\",\"@id\":\"https:\/\/platinum.bcardmexico.com\/?product=collar-de-hilo-pendulo-cuarzo-rosa\",\"url\":\"https:\/\/platinum.bcardmexico.com\/?product=collar-de-hilo-pendulo-cuarzo-rosa\",\"name\":\"COLLAR DE HILO PENDULO CUARZO ROSA - PLATINUM BISUTER\u00cdA FINA\",\"isPartOf\":{\"@id\":\"https:\/\/platinum.bcardmexico.com\/#website\"},\"primaryImageOfPage\":{\"@id\":\"https:\/\/platinum.bcardmexico.com\/?product=collar-de-hilo-pendulo-cuarzo-rosa#primaryimage\"},\"image\":{\"@id\":\"https:\/\/platinum.bcardmexico.com\/?product=collar-de-hilo-pendulo-cuarzo-rosa#primaryimage\"},\"thumbnailUrl\":\"https:\/\/platinum.bcardmexico.com\/wp-content\/uploads\/2025\/10\/ROSA-CUARZO-.jpg\",\"datePublished\":\"2025-10-16T06:24:45+00:00\",\"dateModified\":\"2025-10-16T06:24:46+00:00\",\"description\":\"El cuarzo rosa tiene propiedades emocionales y energ\u00e9ticas, como la calma, el amor propio y la armon\u00eda, adem\u00e1s de propiedades f\u00edsicas como una dureza de 7 en la escala de Mohs y una composici\u00f3n de di\u00f3xido de silicio (\\\\(SiO_{2}\\\\)). Se considera la \\\"piedra del coraz\u00f3n\\\", \u00fatil para sanar heridas emocionales y para promover relaciones amorosas y de amistad\",\"breadcrumb\":{\"@id\":\"https:\/\/platinum.bcardmexico.com\/?product=collar-de-hilo-pendulo-cuarzo-rosa#breadcrumb\"},\"inLanguage\":\"es\",\"potentialAction\":[{\"@type\":\"ReadAction\",\"target\":[\"https:\/\/platinum.bcardmexico.com\/?product=collar-de-hilo-pendulo-cuarzo-rosa\"]}]},{\"@type\":\"ImageObject\",\"inLanguage\":\"es\",\"@id\":\"https:\/\/platinum.bcardmexico.com\/?product=collar-de-hilo-pendulo-cuarzo-rosa#primaryimage\",\"url\":\"https:\/\/platinum.bcardmexico.com\/wp-content\/uploads\/2025\/10\/ROSA-CUARZO-.jpg\",\"contentUrl\":\"https:\/\/platinum.bcardmexico.com\/wp-content\/uploads\/2025\/10\/ROSA-CUARZO-.jpg\",\"width\":960,\"height\":1280},{\"@type\":\"BreadcrumbList\",\"@id\":\"https:\/\/platinum.bcardmexico.com\/?product=collar-de-hilo-pendulo-cuarzo-rosa#breadcrumb\",\"itemListElement\":[{\"@type\":\"ListItem\",\"position\":1,\"name\":\"Portada\",\"item\":\"https:\/\/platinum.bcardmexico.com\/\"},{\"@type\":\"ListItem\",\"position\":2,\"name\":\"Shop\",\"item\":\"https:\/\/platinum.bcardmexico.com\/?page_id=12\"},{\"@type\":\"ListItem\",\"position\":3,\"name\":\"COLLAR DE HILO PENDULO CUARZO ROSA\"}]},{\"@type\":\"WebSite\",\"@id\":\"https:\/\/platinum.bcardmexico.com\/#website\",\"url\":\"https:\/\/platinum.bcardmexico.com\/\",\"name\":\"PLATINUM BISUTER\u00cdA FINA\",\"description\":\"PLATINUM BISUTER\u00cdA FINA\",\"publisher\":{\"@id\":\"https:\/\/platinum.bcardmexico.com\/#organization\"},\"alternateName\":\"PLATINUM BISUTER\u00cdA FINA\",\"potentialAction\":[{\"@type\":\"SearchAction\",\"target\":{\"@type\":\"EntryPoint\",\"urlTemplate\":\"https:\/\/platinum.bcardmexico.com\/?s={search_term_string}\"},\"query-input\":{\"@type\":\"PropertyValueSpecification\",\"valueRequired\":true,\"valueName\":\"search_term_string\"}}],\"inLanguage\":\"es\"},{\"@type\":\"Organization\",\"@id\":\"https:\/\/platinum.bcardmexico.com\/#organization\",\"name\":\"PLATINUM BISUTER\u00cdA FINA\",\"url\":\"https:\/\/platinum.bcardmexico.com\/\",\"logo\":{\"@type\":\"ImageObject\",\"inLanguage\":\"es\",\"@id\":\"https:\/\/platinum.bcardmexico.com\/#\/schema\/logo\/image\/\",\"url\":\"https:\/\/platinum.bcardmexico.com\/wp-content\/uploads\/2023\/09\/Logo-2x.png\",\"contentUrl\":\"https:\/\/platinum.bcardmexico.com\/wp-content\/uploads\/2023\/09\/Logo-2x.png\",\"width\":314,\"height\":55,\"caption\":\"PLATINUM BISUTER\u00cdA FINA\"},\"image\":{\"@id\":\"https:\/\/platinum.bcardmexico.com\/#\/schema\/logo\/image\/\"}}]}<\/script>\n<!-- \/ Yoast SEO Premium plugin. -->","yoast_head_json":{"title":"COLLAR DE HILO PENDULO CUARZO ROSA - PLATINUM BISUTER\u00cdA FINA","description":"El cuarzo rosa tiene propiedades emocionales y energ\u00e9ticas, como la calma, el amor propio y la armon\u00eda, adem\u00e1s de propiedades f\u00edsicas como una dureza de 7 en la escala de Mohs y una composici\u00f3n de di\u00f3xido de silicio ((SiO_{2})). Se considera la \"piedra del coraz\u00f3n\", \u00fatil para sanar heridas emocionales y para promover relaciones amorosas y de amistad","robots":{"index":"index","follow":"follow","max-snippet":"max-snippet:-1","max-image-preview":"max-image-preview:large","max-video-preview":"max-video-preview:-1"},"canonical":"https:\/\/platinum.bcardmexico.com\/?product=collar-de-hilo-pendulo-cuarzo-rosa","og_locale":"es_ES","og_type":"article","og_title":"COLLAR DE HILO PENDULO CUARZO ROSA","og_description":"El cuarzo rosa tiene propiedades emocionales y energ\u00e9ticas, como la calma, el amor propio y la armon\u00eda, adem\u00e1s de propiedades f\u00edsicas como una dureza de 7 en la escala de Mohs y una composici\u00f3n de di\u00f3xido de silicio ((SiO_{2})). Se considera la \"piedra del coraz\u00f3n\", \u00fatil para sanar heridas emocionales y para promover relaciones amorosas y de amistad","og_url":"https:\/\/platinum.bcardmexico.com\/?product=collar-de-hilo-pendulo-cuarzo-rosa","og_site_name":"PLATINUM BISUTER\u00cdA FINA","article_modified_time":"2025-10-16T06:24:46+00:00","og_image":[{"width":960,"height":1280,"url":"https:\/\/platinum.bcardmexico.com\/wp-content\/uploads\/2025\/10\/ROSA-CUARZO-.jpg","type":"image\/jpeg"}],"twitter_card":"summary_large_image","twitter_misc":{"Tiempo de lectura":"1 minuto"},"schema":{"@context":"https:\/\/schema.org","@graph":[{"@type":"WebPage","@id":"https:\/\/platinum.bcardmexico.com\/?product=collar-de-hilo-pendulo-cuarzo-rosa","url":"https:\/\/platinum.bcardmexico.com\/?product=collar-de-hilo-pendulo-cuarzo-rosa","name":"COLLAR DE HILO PENDULO CUARZO ROSA - PLATINUM BISUTER\u00cdA FINA","isPartOf":{"@id":"https:\/\/platinum.bcardmexico.com\/#website"},"primaryImageOfPage":{"@id":"https:\/\/platinum.bcardmexico.com\/?product=collar-de-hilo-pendulo-cuarzo-rosa#primaryimage"},"image":{"@id":"https:\/\/platinum.bcardmexico.com\/?product=collar-de-hilo-pendulo-cuarzo-rosa#primaryimage"},"thumbnailUrl":"https:\/\/platinum.bcardmexico.com\/wp-content\/uploads\/2025\/10\/ROSA-CUARZO-.jpg","datePublished":"2025-10-16T06:24:45+00:00","dateModified":"2025-10-16T06:24:46+00:00","description":"El cuarzo rosa tiene propiedades emocionales y energ\u00e9ticas, como la calma, el amor propio y la armon\u00eda, adem\u00e1s de propiedades f\u00edsicas como una dureza de 7 en la escala de Mohs y una composici\u00f3n de di\u00f3xido de silicio (\\(SiO_{2}\\)). Se considera la \"piedra del coraz\u00f3n\", \u00fatil para sanar heridas emocionales y para promover relaciones amorosas y de amistad","breadcrumb":{"@id":"https:\/\/platinum.bcardmexico.com\/?product=collar-de-hilo-pendulo-cuarzo-rosa#breadcrumb"},"inLanguage":"es","potentialAction":[{"@type":"ReadAction","target":["https:\/\/platinum.bcardmexico.com\/?product=collar-de-hilo-pendulo-cuarzo-rosa"]}]},{"@type":"ImageObject","inLanguage":"es","@id":"https:\/\/platinum.bcardmexico.com\/?product=collar-de-hilo-pendulo-cuarzo-rosa#primaryimage","url":"https:\/\/platinum.bcardmexico.com\/wp-content\/uploads\/2025\/10\/ROSA-CUARZO-.jpg","contentUrl":"https:\/\/platinum.bcardmexico.com\/wp-content\/uploads\/2025\/10\/ROSA-CUARZO-.jpg","width":960,"height":1280},{"@type":"BreadcrumbList","@id":"https:\/\/platinum.bcardmexico.com\/?product=collar-de-hilo-pendulo-cuarzo-rosa#breadcrumb","itemListElement":[{"@type":"ListItem","position":1,"name":"Portada","item":"https:\/\/platinum.bcardmexico.com\/"},{"@type":"ListItem","position":2,"name":"Shop","item":"https:\/\/platinum.bcardmexico.com\/?page_id=12"},{"@type":"ListItem","position":3,"name":"COLLAR DE HILO PENDULO CUARZO ROSA"}]},{"@type":"WebSite","@id":"https:\/\/platinum.bcardmexico.com\/#website","url":"https:\/\/platinum.bcardmexico.com\/","name":"PLATINUM BISUTER\u00cdA FINA","description":"PLATINUM BISUTER\u00cdA FINA","publisher":{"@id":"https:\/\/platinum.bcardmexico.com\/#organization"},"alternateName":"PLATINUM BISUTER\u00cdA FINA","potentialAction":[{"@type":"SearchAction","target":{"@type":"EntryPoint","urlTemplate":"https:\/\/platinum.bcardmexico.com\/?s={search_term_string}"},"query-input":{"@type":"PropertyValueSpecification","valueRequired":true,"valueName":"search_term_string"}}],"inLanguage":"es"},{"@type":"Organization","@id":"https:\/\/platinum.bcardmexico.com\/#organization","name":"PLATINUM BISUTER\u00cdA FINA","url":"https:\/\/platinum.bcardmexico.com\/","logo":{"@type":"ImageObject","inLanguage":"es","@id":"https:\/\/platinum.bcardmexico.com\/#\/schema\/logo\/image\/","url":"https:\/\/platinum.bcardmexico.com\/wp-content\/uploads\/2023\/09\/Logo-2x.png","contentUrl":"https:\/\/platinum.bcardmexico.com\/wp-content\/uploads\/2023\/09\/Logo-2x.png","width":314,"height":55,"caption":"PLATINUM BISUTER\u00cdA FINA"},"image":{"@id":"https:\/\/platinum.bcardmexico.com\/#\/schema\/logo\/image\/"}}]}},"_links":{"self":[{"href":"https:\/\/platinum.bcardmexico.com\/index.php?rest_route=\/wp\/v2\/product\/2967","targetHints":{"allow":["GET"]}}],"collection":[{"href":"https:\/\/platinum.bcardmexico.com\/index.php?rest_route=\/wp\/v2\/product"}],"about":[{"href":"https:\/\/platinum.bcardmexico.com\/index.php?rest_route=\/wp\/v2\/types\/product"}],"replies":[{"embeddable":true,"href":"https:\/\/platinum.bcardmexico.com\/index.php?rest_route=%2Fwp%2Fv2%2Fcomments&post=2967"}],"version-history":[{"count":1,"href":"https:\/\/platinum.bcardmexico.com\/index.php?rest_route=\/wp\/v2\/product\/2967\/revisions"}],"predecessor-version":[{"id":2969,"href":"https:\/\/platinum.bcardmexico.com\/index.php?rest_route=\/wp\/v2\/product\/2967\/revisions\/2969"}],"wp:featuredmedia":[{"embeddable":true,"href":"https:\/\/platinum.bcardmexico.com\/index.php?rest_route=\/wp\/v2\/media\/2968"}],"wp:attachment":[{"href":"https:\/\/platinum.bcardmexico.com\/index.php?rest_route=%2Fwp%2Fv2%2Fmedia&parent=2967"}],"wp:term":[{"taxonomy":"brand","embeddable":true,"href":"https:\/\/platinum.bcardmexico.com\/index.php?rest_route=%2Fwp%2Fv2%2Fetheme_brands&post=2967"},{"taxonomy":"product_brand","embeddable":true,"href":"https:\/\/platinum.bcardmexico.com\/index.php?rest_route=%2Fwp%2Fv2%2Fproduct_brand&post=2967"},{"taxonomy":"product_cat","embeddable":true,"href":"https:\/\/platinum.bcardmexico.com\/index.php?rest_route=%2Fwp%2Fv2%2Fproduct_cat&post=2967"},{"taxonomy":"product_tag","embeddable":true,"href":"https:\/\/platinum.bcardmexico.com\/index.php?rest_route=%2Fwp%2Fv2%2Fproduct_tag&post=2967"}],"curies":[{"name":"wp","href":"https:\/\/api.w.org\/{rel}","templated":true}]}}